e 0*c = 3*c + 5*r - 32, 0 = 3*r - 12. Determine f(c).
-3
Let h(m) = -2*m - 2. Let g(k) be the second derivative of -k**5/20 + k**4/12 - k. Let f be ((-10)/15)/(1/(-3)). Let b be g(f). Determine h(b).
6
Let l(c) = -25*c**3 - 13*c**2 + 2*c + 11. Let d(q) = -13*q**3 - 7*q**2 + q + 6. Let y(v) = -11*d(v) + 6*l(v). Let w = -133 - -134. Calculate y(w).
-7
Let o(f) = -f**3 + 6*f**2 - 4*f - 5. Let n be (-21)/(-12) - (-1)/4. Let d(k) = k**3 - 2*k**2 + 4*k - 3. Let w be d(n). What is o(w)?
0
Suppose -2*w + 4*w = -10. Let b be (w/(-2))/(3/6). Let f(a) be the third derivative of -a**6/120 + a**5/10 - a**4/8 - a**3/2 + a**2. Calculate f(b).
7
Suppose 12 = -s - 3*s. Let n(h) = -3*h**2 + h**3 + 8*h**2 - 2*h - 3*h**2. Let i be n(s). Let t(z) = z**3 + 4*z**2 + 3*z - 1. What is t(i)?
-1
Let d(n) = -n - 1. Suppose -3*r = -2*r - 3. Let f(v) = -5 - r*v - 2*v**2 - v + 3*v**2. Let t be f(4). Give d(t).
4
Let u be 17 + -15 - (-5 - -1)*-2. Let y(p) be the first derivative of p**2/2 + 1. What is y(u)?
-6
Let w(s) = 4*s - 1. Let y be w(1). Suppose -y*i - 1 = 4*h + 42, 2*h - 5*i + 15 = 0. Let k = -5 - h. Let g(r) = r**2 - 7*r + 6. Calculate g(k).
-4
Let d(x) = 2*x**3 - 10*x**2 - 1. Let p(o) = -o**3 + 4*o**2 + 1. Let w(s) = -2*d(s) - 5*p(s). Determine w(0).
-3
Let c(a) = a**3 - 11*a**2 - 11*a - 13. Let z(o) = -o**2 - 24*o - 32. Let h be z(-22). What is c(h)?
-1
Let h(f) be the third derivative of f**8/6720 + f**7/630 + f**6/360 + f**4/8 - 5*f**2. Let k(j) be the second derivative of h(j). Determine k(-3).
3
Suppose -7*k + 8*k = -4. Let n = -5 - k. Let j(u) = 5*u**3 - u - 1. What is j(n)?
-5
Let t(p) be the second derivative of p**3/3 + 16*p. Suppose 2*d + 3 + 5 = 0. What is t(d)?
-8
Let c(q) = q**2 - 1. Let m be c(-2). Let w(v) = v**3 - 3*v**2 + 3. Calculate w(m).
3
Let s(q) = q**3 + 2*q**2 - q. Suppose 43*u - 5 = 38*u. What is s(u)?
2
Let r(k) = -1 + 1 - 1. Suppose 0*b = b + 4*x + 6, 0 = -3*b + x - 5. Let n(w) = -w + 11. Let p(z) = b*n(z) - 18*r(z). Determine p(5).
6
Let d(c) = -8*c + 21*c - 1 - 12*c + 0. Calculate d(4).
3
Let z be (-4 - -1)*4/(-3). Let l = 5 + -13. Let y be l/z + (-6)/2. Let n(p) = 3*p + 6. Determine n(y).
-9
Let q(p) be the second derivative of p**3/6 - 7*p**2/2 + 8*p. What is q(0)?
-7
Let s = -27 - -30. Let m(q) = -6*q + 1. Determine m(s).
-17
Suppose 2*d - 4*d + 2 = 0. Let o(f) = -5*f - 1. Calculate o(d).
-6
Let x be (-4)/(((-2)/(-3))/(-1)). Let r(u) = 0*u**3 - 5*u**2 + 2*u**3 + 5 - u**3 - 6*u. Give r(x).
5
Let h(m) = -3*m**3 - m**2. Let i(z) = z**2 + 6*z - 5. Let d be i(-7). Let c = 4 - d. Suppose 3*s - 5*s = -c. Give h(s).
-4
Let s(u) = 11 + 4*u - 11 - 2*u. Let v = 0 + -4. Determine s(v).
-8
Let f(s) = 5*s**2 + 7 + 0*s**2 - 9*s**2 + 5*s**2 + 9*s. Give f(-7).
-7
Let l(v) be the second derivative of v**4/12 - 2*v**3/3 + 7*v**2/2 + 5*v. Let c be 4 - -1 - 0/(2 + 0). Give l(c).
12
Suppose 0 = -3*n - 0*n - 12. Let g(f) = -f**3 - 7*f**2 + 9*f + 11. Let a be g(-8). Let r(l) = -a + 6*l + l**2 + 4 - 2*l + 2. What is r(n)?
3
Let i(p) = -p**2 + 4*p - 3. Let d(g) be the first derivative of -g**2/2 - g + 1. Let q = 7 + -5. Let z(u) = q*d(u) - i(u). Give z(4).
-7
Let r(q) = q**3 - q**2 + 1. Let v(n) = -3*n**3 + 3*n**2 + n - 2. Suppose -x - 1 = -2*x. Let g(i) = x*v(i) + 2*r(i). Calculate g(-1).
1
Suppose 1 = 3*c - 2. Let h(o) = 1 - c + o**2 + o - 2*o. Let z = 4 - 2. Determine h(z).
2
Let o(j) = -j**3 - 3*j**2 + 2*j + 3. Let k(y) = -y**2 - 4*y + 11. Let c be k(-5). Let p(q) = q**2 - 9*q + 14. Let w be p(c). Calculate o(w).
11
Let a(l) = 3*l**2 + 2*l - 2. Let m be 4/14 - (-80)/14. Let o be m/(-2) + 1/1. What is a(o)?
6
Let y(g) be the first derivative of g**4/4 - 2*g**3/3 + g**2 - 3*g + 1. Let i(l) be the first derivative of -l**2 - 4*l - 3. Let f be i(-3). Give y(f).
1
Let g(o) = -o**3 + 7*o**2 - 6*o + 5. Suppose 0 = -3*t + c + 4*c + 43, 0 = 3*t + c - 13. Calculate g(t).
5
Let c(t) = 4*t**3 + 3*t**2 + 5. Let j(b) = b**3 + b**2 + 2. Let v(g) = 2*c(g) - 7*j(g). Give v(0).
-4
Let o(u) be the second derivative of u**3/6 - 5*u**2/2 + u. Let b(s) = -4. Let x be -1 - 1 - (3 + -7). Let q(h) = x*o(h) - 3*b(h). What is q(-3)?
-4
Let c be 7/(-56) - ((-158)/(-16) - 2). Let m(a) = -a**3 - 7*a**2 + 5*a - 11. Give m(c).
13
Let a(n) = 0*n + 5*n + 7 - 2*n. Let m(c) = 2*c + 4. Let o(j) = -3*a(j) + 5*m(j). Suppose 5*l - 5 + 0 = -3*h, 4*l + 3*h - 1 = 0. Determine o(l).
3
Let i(m) = -m**3 - 6*m**2 - m - 6. Suppose 5*h + 6*p - 3*p = -24, -p - 10 = 2*h. What is i(h)?
0
Let g(b) be the first derivative of -b**2 - 3. What is g(3)?
-6
Let k(f) = f**3 - 7 + 6*f**2 + 0 + 5 + 2*f. What is k(-2)?
10
Let a = -15 + 19. Let t(w) be the second derivative of -w**4/12 + 5*w**3/6 - 3*w**2/2 + 6*w. What is t(a)?
1
Let y = -74 + 80. Let c(p) = -p**2 + 3*p + 5. Calculate c(y).
-13
Let i = 2 - 1. Let b(l) be the first derivative of 0*l - 1/2*l**2 + 1/3*l**3 - l**4 + 3. Calculate b(i).
-4
Let a(p) = p + 11. Suppose 5*s + 3*h = 5 + 4, -6 = s - 2*h. Determine a(s).
11
Let y(f) = 6*f - 15. Let l(v) = 1. Suppose 4*j = 2*j - 30. Let x(g) = j*l(g) - y(g). Give x(-1).
6
Let u = 35 - 34. Let l(v) = -12*v**2 - v. What is l(u)?
-13
Let r be 0 - 1/2*-2. Suppose k + r = 6. Let i(t) = -t**3 + 5*t**2 - 2*t + 5. Give i(k).
-5
Let c = 7 - 6. Suppose y - 4 + c = 0. Let m(p) = -p**3 + 0*p**3 + y - 3*p**2 - 2*p**2 + 7*p. Determine m(-6).
-3
Let d(i) be the first derivative of -i**3/3 + 13*i**2/2 - 11*i + 3. Let g be d(12). Let w(q) = -2*q - 1. Give w(g).
-3
Let y(b) = 2*b + 2. Let h(a) = 2*a + 3. Let w(t) = t**2 - t + 6. Let n be w(0). Let m(u) = n*h(u) - 5*y(u). Give m(-6).
-4
Let t = 2 + -6. Let q(z) = -9*z - 8. Let l(o) = 8*o + 7. Let u(k) = -7*l(k) - 6*q(k). Determine u(t).
7
Let j = -26 - -24. Let c(i) = i**3 + 3*i**2 + 3*i + 1. Calculate c(j).
-1
Suppose 2*w + 10 = 3*g, 3*w = 6*w - g + 1. Let o(x) = 0 + 104*x + 1 - 94*x. Determine o(w).
11
Suppose 0*p - p + 2 = 0. Let v(r) = -p - 6*r - 2 + 4. Let s = 2 + -1. Calculate v(s).
-6
Let r be (-1)/(1*(-4)/8). Let t(m) = -m**3 - 9*m**r + 2*m**2 + 3*m**2 + 5. Let c(h) = -h - 7. Let p be c(-3). Determine t(p).
5
Let t(z) be the third derivative of 2/3*z**3 + 1/360*z**6 - 1/20*z**5 + 0*z + 0 + 1/24*z**4 + 2*z**2. Let l(j) be the first derivative of t(j). Calculate l(4).
-7
Let y be (16/24)/(8/6). Let q(c) be the first derivative of y*c**2 + 5*c + 2. Determine q(-4).
1
Let d = -10 - -2. Let c be (1 + -4)*d/(-6). Let p(l) = -l**3 + l**2 + 4*l + 6. Let k(g) = -g**3 + 5*g + 6. Let y(x) = 3*k(x) - 2*p(x). Calculate y(c).
10
Let v(i) = i**3 - 7*i**2 + 5*i - 10. Suppose 0 = 5*f + 2*h + 3*h - 50, -5*h = 2*f - 29. Determine v(f).
25
Let u(j) = -j**2. Let k(d) = 5*d**2 - 3*d + 1. Let l(r) = -k(r) - 4*u(r). Suppose -3*p + 0 - 6 = 0. Let h = p - -4. Give l(h).
1
Let q(h) be the second derivative of h**5/20 - h**4/6 + h**2 - 2*h. What is q(2)?
2
Let h(w) = 2*w**3 + 3*w**2 + w + 2. Suppose -3*o = -2*d + 7*d - 9, 5*o - 5*d + 25 = 0. Calculate h(o).
-4
Let f(b) = -b**2 + b - 1. Let v(t) = t**3 + 7*t**2 + t + 6. Let o be v(-7). Let l be 3/o + -4 + 7. What is f(l)?
-1
Let t(g) be the third derivative of -g**5/60 + g**4/6 + g**3/6 + 4*g**2. What is t(4)?
1
Let z(o) = 3*o**2 + o. Let d(s) be the first derivative of -s**2/2 - 10*s - 15. Let h be (1 - 11/1) + 1. Let r be d(h). Give z(r).
2
Let z(s) be the third derivative of -s**5/30 + s**4/12 - s**3/3 + 11*s**2. Give z(2).
-6
Let i(t) = t**2 - t - 1. Suppose 3*p = -x - 2*p - 17, -2*p = -2*x + 2. Determine i(x).
5
Let c(u) be the third derivative of 0*u**3 + 0*u - 1/30*u**5 + 0 - 1/120*u**6 + 1/12*u**4 - 2*u**2. Let p = 3 + -5. Determine c(p).
-4
Let m(l) = -l**3 - 8*l**2 + 3*l + 4. Let x(d) = -d**2 + 8. Let b be x(-4). Give m(b).
-20
Let y(a) be the second derivative of -11/6*a**3 - a**2 + 1/24*a**4 + 0 + a. Let q(w) be the first derivative of y(w). Determine q(0).
-11
Let f(u) be the third derivative of -u**7/2520 - u**6/360 + u**5/20 - u**4/3 + 11*u**2. Let x(o) be the second derivative of f(o). What is x(-5)?
-9
Let l(b) = -b**2 + 5*b + 5. Let v(i) = -i**2 - 10*i - 10. Let a be v(-8). Let j be l(a). Let w(d) be the third derivative of d**4/24 - d**3/6 - d**2. Give w(j).
-2
Let h be (141/(-21) + 2/(-7))/(-1). Let p(g) = g**3 - 8*g**2 + 3*g + 10. Calculate p(h).
-18
Suppose -4*b = -3*p + 24, 9 = b + 4*p - 4. Let u be b/2 - 18/(-4). Let r(v) = v